
Let w(j) = -3*j - 20. Let k(a) = 2*a + 11. Let y(d) = 11*k(d) + 6*w(d). Let u be (0 + -2)/((-8)/(-12)). What is y(u)?
-11
Suppose 260*b = 259*b + 4*o - 8, 5 = 2*b - o. Let v(i) = -3*i**2 - 3 + i**3 + 0*i**3 - 5*i + 9. Give v(b).
2
Let j(x) = -x**2 + 4. Suppose -4*k = -19 - 1. Determine j(k).
-21
Let a(g) = 0 - 3 - g - 1. Suppose 1 = -2*h + 5*r - 46, -3*h + r - 103 = 0. Let s be 2/(-12) + 66/h. What is a(s)?
-2
Suppose 23*a - 36 = 14*a. Let q(p) = p**3 - 4*p**2 + p - 2. Calculate q(a).
2
Suppose 20 + 0 = 4*d. Let y(p) = -6 + 4 + d - p. Calculate y(5).
-2
Let o(n) be the first derivative of n**4/2 + 2*n**3/3 - n**2 - n - 25. Let g(c) = 2*c - 2. Let m be g(2). Give o(m).
19
Let b(t) = t**3 + 9*t**2 + 5*t + 8. Suppose 5*o = 2*i + 41, i = -i - 2*o - 6. Give b(i).
32
Suppose -4*n = -231 + 251. Let j(t) = -t**2 - 3*t. Let g(v) = -2*v**2 - 6*v - 1. Let y(q) = -2*g(q) + 5*j(q). What is y(n)?
-8
Let u(c) be the third derivative of c**6/24 - c**5/60 + c**4/24 - 118*c**2. Give u(1).
5
Let s(i) = 2*i. Let g = -4 - -10. Let f be ((-44)/g)/(2/6). Let o = 19 + f. Determine s(o).
-6
Let t(l) = -l**3 - l**2 + l - 30. Let d(m) = 7*m - 42. Let b be d(6). What is t(b)?
-30
Let b(a) = -a**3 + 2*a**2 + 3*a - 1. Let l(y) = 7*y + 53. Let n be l(-8). Let k = n + 6. Determine b(k).
-1
Let j(i) = 17 + 2*i + 3*i - 4*i. Suppose 6*n - 6 = -6. What is j(n)?
17
Let k(d) = -d**2 + 7*d - 6. Let l = -9 + 7. Let o be (-78)/(-30) + l/(-5). Suppose 0 = 4*v - 2*h + 5 - 37, o*v + 2*h = 10. Determine k(v).
0
Let f(d) = -d**2 + 2*d + 15. Let g = 1593 + -1588. Calculate f(g).
0
Suppose 0*l - l = 3. Let q(v) = -9*v - 7. Let t(h) = 4*h + 3. Let c(b) = l*q(b) - 7*t(b). Determine c(5).
-5
Let v be (-6)/9 - 8/(-3). Suppose n = 3*n - 4. Let y(z) = v*z - 4*z**3 + 3*z**2 + 3*z**3 + 2*z**n + 0*z. Give y(5).
10
Suppose -3*j = -2*c - 8, -5*j - 4*c + 6 + 0 = 0. Suppose j*a = -0*a. Let w(i) = i**2 - 7. Give w(a).
-7
Let m(p) = -p**3 - 6*p**2 + 4*p + 6. Let o = -120 + 113. Give m(o).
27
Let v be 2/(-2) + (-18)/36 + (-8)/16. Let b(s) = 2*s**2 - 6*s - 3. Let w(t) = -t**2 - t. Let j(u) = b(u) - 4*w(u). Determine j(v).
25
Suppose 5*c + 6 = 16. Let a(x) = 2*x + 6. Let h(k) = -2*k - 7. Let j(q) = c*a(q) + 3*h(q). Determine j(-6).
3
Let s(t) be the second derivative of -3*t**5/10 + t**4/12 - t**2/2 + 19*t - 4. What is s(1)?
-6
Let z(s) be the third derivative of -s**5/60 + s**4/2 + s**3/3 - 2*s**2 - 101. What is z(12)?
2
Let k(g) = 9*g**2 + 9*g - 2. Let w(q) = -14*q**2 + 1 + 10*q**2 + 12*q - 16*q. Let p(m) = 3*k(m) + 7*w(m). Calculate p(2).
-5
Let j(t) be the third derivative of t**5/20 + t**4/3 - 3*t**3/2 + 772*t**2. Calculate j(1).
2
Let m be (-3937)/217 - 4/(-28). Let j(f) = f**2 + 19*f + 30. Determine j(m).
12
Let d(l) be the second derivative of -7*l**4/24 + l**3/6 - 9*l**2 - 12*l. Let a(w) be the first derivative of d(w). Calculate a(1).
-6
Let v be (42/4)/((-4)/120*-5). Let h = 59 - v. Let u(x) = 9*x**2 + 5*x + 17. Let g(j) = -5*j**2 - 2*j - 9. Let d(y) = 7*g(y) + 4*u(y). Calculate d(h).
-3
Let c be 6/12*-14 + 7. Let v(o) be the first derivative of -o**3/3 + o**2/2 + 4*o + 1. What is v(c)?
4
Let l(r) = 7*r**2 + r. Let i be l(1). Let v(a) = 2*a - 9. Determine v(i).
7
Suppose 16 = -2*s - 0. Let v(n) = -n**2 + 0*n + n + 0*n**2 + 1. Let x(m) = -m**2 + 10*m - 3. Let c(q) = 2*v(q) - x(q). Determine c(s).
5
Let u(s) be the first derivative of s**3/3 + s**2/2 + 3*s + 252. Give u(-5).
23
Let b(d) = -250*d**3 + 3*d**2 + 510*d**3 + 4*d + 4*d**2 - 259*d**3. Determine b(-6).
12
Let h(z) = -2*z**2 - 7*z - 2. Let d(y) = -4*y**2 - 13*y - 4. Let u(n) = 4*d(n) - 7*h(n). Let i = -2724 - -2721. What is u(i)?
-11
Let x(r) = 5*r**2 - 4 - r**3 + 13 + 7*r + 4. Let k(w) = -w**3 + 6*w**2 + 8*w + 14. Let t(u) = -6*k(u) + 7*x(u). Let h = -28 - -28. Determine t(h).
7
Let v(j) = -j**3 - 5*j**2 - j. Suppose 16*x = 24 - 88. Determine v(x).
-12
Let a be 7 + 1/(-1 - 0). Let r be (2 - 1)*-2 - (-20)/5. Let w(z) = z**3 + z - a*z**2 + z**r - 265 + 270. Determine w(5).
10
Let a(x) = -3*x**2 - 23*x - 2. Let r(c) = -2*c**2 - 15*c - 1. Suppose 2*t + 16 = -0*t. Let u(v) = t*r(v) + 5*a(v). Determine u(-4).
-6
Let m(a) = -a**3 + 6*a**2 + 9*a - 5. Let k(f) = -3*f - 2. Let i be k(8). Let v = i + 33. Calculate m(v).
9
Suppose -18*z - 339 = -123. Let x(m) = -m - 15. Determine x(z).
-3
Let q(a) = -a**3 - a**2 + 2*a - 1. Let h be (-60)/(-25) + (-4)/10. Suppose -h*m + 5*d = 2 + 9, -2*d + 4 = -m. Give q(m).
-9
Let u(x) = 15*x - 88. Let w be u(6). Let i(k) = 29*k + 2. What is i(w)?
60
Let v = -167 + 167. Let b(j) = j**3 - j**2 - j - 18. Give b(v).
-18
Let z(j) = 7*j + 13. Suppose -184 + 526 = -38*l. Calculate z(l).
-50
Suppose 0*u - 4*u + 8 = 0. Suppose -a = 2*p + 2*a - 42, -2*p = -u*a - 22. Let k(h) = -7*h - 9*h + 2 + p*h. What is k(6)?
-4
Let i(y) = y. Let v(l) = 2*l + 13. Let m(h) = i(h) - v(h). Suppose 4*q + 4*j = -80, 6*q = 3*q - j - 56. Let d be -7 + q/6 - -4. Give m(d).
-7
Let a be (7 - -1 - 6)/4. Let l(j) be the first derivative of -1 - j - a*j**2 - 2*j**3. Determine l(-1).
-6
Let n be ((-7)/(-49))/(1/7). Suppose -3*d = 5*v + 19, 3*d = -n - 8. Let x(p) = -p**3 - 2*p**2 - 2*p**3 + 3*p - p. Calculate x(v).
12
Let q = -22 + 18. Let k(p) = p**2 + 7*p - 6. Let s(y) = -y**2 - 8*y + 7. Let n(m) = 6*k(m) + 5*s(m). Determine n(q).
7
Let p = 54 - 43. Let f(l) = 6*l**2 - 5*l - 7. Let u(a) = -17*a**2 + 15*a + 20. Let v(b) = p*f(b) + 4*u(b). Give v(4).
-9
Let x be 34/(-10) + 18/45. Let a = 4 - x. Let c(d) = -d**3 + 6*d**2 + 6*d. Give c(a).
-7
Let s(f) be the first derivative of -2*f**2 + 8*f - 266. Give s(5).
-12
Let u(g) = -g**3 - 22*g**2 - 21*g + 4. Let x be u(-21). Let p be (-35)/x - (-72)/96. Let l(j) = -j - 4. Determine l(p).
4
Let d(o) be the second derivative of -2*o**3 - 49*o**2 - 5*o - 14. Calculate d(-8).
-2
Let v(l) be the second derivative of -l**3/6 - 23*l**2/2 + 2*l - 64. Give v(-18).
-5
Let n(a) = -4*a**2 + 1. Let l be n(-1). Let c(u) = u**2 - 2*u - 6. Let j be c(4). Let y(g) = j + 0*g**2 - 4*g**2 - g + 85*g**3 - 86*g**3. Determine y(l).
-4
Let h = 189 - 102. Let m = h - 83. Let q(g) = g - 3. Give q(m).
1
Let w(p) = 11*p + 1. Let d be 120/(-42) - 2/14. Let y(f) = -4*f + 4. Let q(n) = -5*n + 4. Let v(h) = d*q(h) + 4*y(h). Let s be v(5). Give w(s).
-10
Let b(f) = 10*f + 1. Let a(t) = -5*t - 4. Let y(u) = -4*u + 9*u + 5 + u. Let h(p) = -5*a(p) - 4*y(p). Let n(m) = -b(m) + 4*h(m). Give n(1).
-7
Let b(v) = -v**3 - 3*v**2 + 1. Suppose 4*h + 88 = 8*h. Suppose 0 = -h*u + 26*u + 12. Determine b(u).
1
Let a(s) be the first derivative of -2*s**3/3 + 8. Suppose 3*d = -5*k + 8, 0 = -3*d + 2*d + k. Calculate a(d).
-2
Suppose 3*v + 229 - 253 = 0. Let g(s) = -2*s**2 + 14*s + 2. Calculate g(v).
-14
Suppose 3*w - 1 + 7 = 0. Let c(i) = -i**3 - 2*i**2 - 2*i + 2. Determine c(w).
6
Let f(j) = -j**2 - 4*j. Let t be -5 - (-3 - (-8 + 4)). Determine f(t).
-12
Let s(y) be the third derivative of 1/2*y**3 + 0*y + 1/12*y**4 + 48*y**2 + 0. Calculate s(-2).
-1
Suppose 0 = -2*q + 4*f + 22, q + f - 2*f = 9. Let m(j) = -j**2 - 5*j + 7. Let g(k) = 3*k**2 + 15*k - 22. Let i(r) = q*m(r) + 2*g(r). What is i(-5)?
5
Let m be 44/(-55)*5/(-2). Suppose m*t + t = 6. Let i(r) = -r + 6*r - r**t - r + 0 + 4. What is i(5)?
-1
Let u be 4/4*-3 - -1. Let s be ((u - 10/(-4))*0)/(-2). Let g(l) = l**3 - l**2 - l. Calculate g(s).
0
Let r(h) be the first derivative of h**4/4 - h**3 + h**2 + 4*h - 309. Give r(4).
28
Let l(s) = 6 + 1367*s**2 + 0*s**3 - 6*s - s**3 - 1362*s**2. Determine l(4).
-2
Let i(j) = -87*j + 1140 + 79*j - 1130 + j**2. Give i(12).
58
Let y(n) = n**3 + 6*n**2 - 8*n - 2. Let b be -5*-4*(-1)/(-5). Suppose -z = z - b. Suppose a = -4*q + 5*a - 44, -1 = -q - z*a. Determine y(q).
5
Let p be ((-99)/(-6))/(3/4). Let z = p + -20. Let a(c) = -3 - c**z + 2*c**2 + 4. Give a(0).
1
Let z(c) be the first derivative of -c**2 - 96. What is z(-4)?
8
Let n(o) = -2*o**2 + 4*o + o**2 - 6 + 2*o. Let z be n(4). Let c(w) = 0*w + w**z + 0*w**2 - w + 2 + 2*w. What is c(0)?
2
Let x(m) = -m**3 + 6*m**2 + 15*m + 14. Let t be x(8). Let c = -1 + 2. Let w(j) = 4 + 0 - c - 2*j. Determine w(t).
-9
Let b(d) = 6*d + 188. Let j be b(-31). Let w(l) = 2*l**3 - l**2 + 2*l - 2. Give w(j).
14
Suppose -5*j + 27 = -2*f, f + 22 = -3*j + 25. Let r(c) = c**2 + 5*c - 2. Calculate r(f).
4
Let m be (-9)/6*2/(-3). Let b(v) b